{"id":37,"date":"2023-03-07T21:41:30","date_gmt":"2023-03-07T20:41:30","guid":{"rendered":"https:\/\/www.bonnsol.com\/service\/"},"modified":"2024-09-17T14:16:30","modified_gmt":"2024-09-17T13:16:30","slug":"service","status":"publish","type":"page","link":"https:\/\/www.bonnsol.com\/?page_id=37","title":{"rendered":"Servi\u00e7os"},"content":{"rendered":"\n\n\n\n<h2>SERVI\u00c7OS<\/h2>\n\n\n\n<p>Servi\u00e7os ao cliente<\/p>\n\n\n\n\n\n\n\n\n\n\n\n\n\n\n\n\n\n<h2>Onde fazemos a diferen\u00e7a<\/h2>\n\n\n\n\n\n<p>Identifica\u00e7\u00e3o da necessidade do nosso parceiro<\/p>\n\n\n\n\n<p>Procura, localiza\u00e7ao, prepara\u00e7\u00e3o na respectiva origem em tempo \u00fatil<\/p>\n\n\n\n\n<p>Acompanhamento e entrega no destino garantindo a celeridade pretendida<\/p>\n\n\n\n\n\n\n<p class=\"has-white-color has-text-color has-link-color wp-elements-4cadf526947edb59e3fabf40b70595a1\"><strong>Expertise Aprofundada<\/strong>: Nossa equipe possui uma experi\u00eancia extensiva em diferentes setores, permitindo-nos entender as complexidades e desafios espec\u00edficos de cada \u00e1rea. Esse conhecimento nos ajuda a antecipar problemas e oferecer solu\u00e7\u00f5es eficazes e adaptadas \u00e0s necessidades dos nossos clientes.<br><\/p>\n\n<p class=\"has-white-color has-text-color has-link-color wp-elements-897b12d0811414c2a5f082a504340bae\"><strong>Melhoria Cont\u00ednua<\/strong>: Estamos comprometidos com a identifica\u00e7\u00e3o constante de oportunidades de aprimoramento. Usamos insights valiosos obtidos de nossas intera\u00e7\u00f5es com clientes e fornecedores para refinar nossos processos e entregar resultados mais r\u00e1pidos e eficientes.<br><\/p>\n\n<p class=\"has-white-color has-text-color has-link-color wp-elements-77e77bcc77c5dbe7618a8defac8315c1\"><strong>Solu\u00e7\u00f5es Personalizadas<\/strong>: Desenvolvemos solu\u00e7\u00f5es sob medida que atendem de forma precisa \u00e0s necessidades e expectativas dos nossos clientes. Nossa abordagem personalizada garante que cada solu\u00e7\u00e3o seja eficaz e alinhada com os objetivos espec\u00edficos de cada cliente.<br><\/p>\n\n<p class=\"has-white-color has-text-color has-link-color wp-elements-9503a5b49dca0ef196d330f103574c1c\"><strong>Tempo de Resposta \u00c1gil<\/strong>: Nossa capacidade de responder rapidamente \u00e0s solicita\u00e7\u00f5es e desafios \u00e9 um dos nossos maiores pontos fortes. Ao otimizar nossos processos e adotar as melhores pr\u00e1ticas, conseguimos reduzir o tempo de resposta e melhorar a efici\u00eancia operacional.<\/p>\n\n\n","protected":false},"excerpt":{"rendered":"","protected":false},"author":1,"featured_media":0,"parent":0,"menu_order":0,"comment_status":"closed","ping_status":"closed","template":"","meta":{"pagelayer_contact_templates":[],"_pagelayer_content":"","footnotes":""},"class_list":["post-37","page","type-page","status-publish","hentry"],"_links":{"self":[{"href":"https:\/\/www.bonnsol.com\/index.php?rest_route=\/wp\/v2\/pages\/37","targetHints":{"allow":["GET"]}}],"collection":[{"href":"https:\/\/www.bonnsol.com\/index.php?rest_route=\/wp\/v2\/pages"}],"about":[{"href":"https:\/\/www.bonnsol.com\/index.php?rest_route=\/wp\/v2\/types\/page"}],"author":[{"embeddable":true,"href":"https:\/\/www.bonnsol.com\/index.php?rest_route=\/wp\/v2\/users\/1"}],"replies":[{"embeddable":true,"href":"https:\/\/www.bonnsol.com\/index.php?rest_route=%2Fwp%2Fv2%2Fcomments&post=37"}],"version-history":[{"count":8,"href":"https:\/\/www.bonnsol.com\/index.php?rest_route=\/wp\/v2\/pages\/37\/revisions"}],"predecessor-version":[{"id":135,"href":"https:\/\/www.bonnsol.com\/index.php?rest_route=\/wp\/v2\/pages\/37\/revisions\/135"}],"wp:attachment":[{"href":"https:\/\/www.bonnsol.com\/index.php?rest_route=%2Fwp%2Fv2%2Fmedia&parent=37"}],"curies":[{"name":"wp","href":"https:\/\/api.w.org\/{rel}","templated":true}]}}