{"id":35,"date":"2023-03-07T21:41:30","date_gmt":"2023-03-07T20:41:30","guid":{"rendered":"https:\/\/www.bonnsol.com\/about\/"},"modified":"2024-09-17T13:53:43","modified_gmt":"2024-09-17T12:53:43","slug":"about-us","status":"publish","type":"page","link":"https:\/\/www.bonnsol.com\/?page_id=35","title":{"rendered":"Sobre N\u00f3s"},"content":{"rendered":"\n\n\n\n\n\n\n\n\n<h3>Bonn Solutions<\/h3>\n\n\n\n\n\n<p style=\"margin-bottom: 0.9rem; font-family: Poppins, sans-serif; background-color: rgb(255, 255, 255);\">A Bonn Solutions, Lda \u00e9 uma empresa angolana com actividade nas \u00e1reas de Consultoria, Consultoria de Recursos Humanos, Logistica, Importa\u00e7\u00e3o e Exporta\u00e7\u00e3o, Fornecimento e Distribui\u00e7ao de e para Angola encontrando e ajustando solu\u00e7oes \u00e1 medida dos seus clientes.<\/p><p style=\"margin-bottom: 0.9rem; font-family: Poppins, sans-serif; background-color: rgb(255, 255, 255);\">Procuramos parceiros com interesse no melhor custo\/beneficio no desenvolvimento e crescimento dos seus neg\u00f3cios.&nbsp; &nbsp; &nbsp; &nbsp; &nbsp; &nbsp; &nbsp; &nbsp; &nbsp; &nbsp; &nbsp; &nbsp; &nbsp; &nbsp; &nbsp; &nbsp; &nbsp; &nbsp; &nbsp; &nbsp; &nbsp; &nbsp; &nbsp; &nbsp; &nbsp; &nbsp; &nbsp; &nbsp; &nbsp; &nbsp; &nbsp; &nbsp; &nbsp; &nbsp; &nbsp; &nbsp; &nbsp; &nbsp; &nbsp; &nbsp; &nbsp; &nbsp; &nbsp; &nbsp; &nbsp; &nbsp; &nbsp; &nbsp; &nbsp; &nbsp; &nbsp; &nbsp; &nbsp; &nbsp; <\/p>\n\n\n\n<p [object NamedNodeMap]>Pretendemos desta forma poder servir e em conjunto encontrar a melhor solu\u00e7\u00e3o para o &#8220;caminho&#8221;\u00a0 do sucesso, com responsabilidade, credibilidade e integridade.\u00a0<\/p>\n\n\n\n\n\n\n\n<h2>Porqu\u00ea Bonn Solutions<\/h2>\n\n\n\n\n\n<p>A nossa vasta experi\u00eancia acumulada ao longo dos anos pela equipe de gest\u00e3o \u2014 tanto na perspectiva de clientes quanto de fornecedores \u2014 \u00e9 o alicerce do nosso sucesso. Esse conhecimento profundo e abrangente nos permite identificar continuamente \u00e1reas de melhoria e desenvolver solu\u00e7\u00f5es inovadoras que aprimoram significativamente os tempos de resposta \u00e0s necessidades em diversas \u00e1reas de atua\u00e7\u00e3o.<br><br><strong>Expertise Aprofundada<\/strong>: Nossa equipe possui uma experi\u00eancia extensiva em diferentes setores, permitindo-nos entender as complexidades e desafios espec\u00edficos de cada \u00e1rea. Esse conhecimento nos ajuda a antecipar problemas e oferecer solu\u00e7\u00f5es eficazes e adaptadas \u00e0s necessidades dos nossos clientes.<br><strong>Melhoria Cont\u00ednua<\/strong>: Estamos comprometidos com a identifica\u00e7\u00e3o constante de oportunidades de aprimoramento. Usamos insights valiosos obtidos de nossas intera\u00e7\u00f5es com clientes e fornecedores para refinar nossos processos e entregar resultados mais r\u00e1pidos e eficientes.<br><strong>Solu\u00e7\u00f5es Personalizadas<\/strong>: Desenvolvemos solu\u00e7\u00f5es sob medida que atendem de forma precisa \u00e0s necessidades e expectativas dos nossos clientes. Nossa abordagem personalizada garante que cada solu\u00e7\u00e3o seja eficaz e alinhada com os objetivos espec\u00edficos de cada cliente.<br><strong>Tempo de Resposta \u00c1gil<\/strong>: Nossa capacidade de responder rapidamente \u00e0s solicita\u00e7\u00f5es e desafios \u00e9 um dos nossos maiores pontos fortes. Ao otimizar nossos processos e adotar as melhores pr\u00e1ticas, conseguimos reduzir o tempo de resposta e melhorar a efici\u00eancia operacional.<br><br><strong>Na Bonn Solutions, n\u00e3o apenas fornecemos servi\u00e7os \u2014 n\u00f3s oferecemos resultados.<\/strong> Com nossa experi\u00eancia e dedica\u00e7\u00e3o \u00e0 excel\u00eancia, estamos prontos para enfrentar qualquer desafio e proporcionar solu\u00e7\u00f5es que fazem a diferen\u00e7a. Escolha a Bonn Solutions e descubra como podemos ajudar a alcan\u00e7ar seus objetivos com efici\u00eancia e qualidade.<\/p>\n\n\n\n\n\n\n\n<p>\u00a0<\/p>\n\n\n\n\n\n<p><br><\/p>\n\n\n\n\n\n<p>\u00a0<\/p>\n\n\n\n\n\n\n\n<p>\u00a0<\/p>\n\n\n\n\n\n<p>\u00a0<\/p>\n\n\n\n\n\n<p>\u00a0<\/p>\n\n\n","protected":false},"excerpt":{"rendered":"","protected":false},"author":1,"featured_media":0,"parent":0,"menu_order":0,"comment_status":"closed","ping_status":"closed","template":"","meta":{"pagelayer_contact_templates":[],"_pagelayer_content":"","footnotes":""},"class_list":["post-35","page","type-page","status-publish","hentry"],"_links":{"self":[{"href":"https:\/\/www.bonnsol.com\/index.php?rest_route=\/wp\/v2\/pages\/35","targetHints":{"allow":["GET"]}}],"collection":[{"href":"https:\/\/www.bonnsol.com\/index.php?rest_route=\/wp\/v2\/pages"}],"about":[{"href":"https:\/\/www.bonnsol.com\/index.php?rest_route=\/wp\/v2\/types\/page"}],"author":[{"embeddable":true,"href":"https:\/\/www.bonnsol.com\/index.php?rest_route=\/wp\/v2\/users\/1"}],"replies":[{"embeddable":true,"href":"https:\/\/www.bonnsol.com\/index.php?rest_route=%2Fwp%2Fv2%2Fcomments&post=35"}],"version-history":[{"count":5,"href":"https:\/\/www.bonnsol.com\/index.php?rest_route=\/wp\/v2\/pages\/35\/revisions"}],"predecessor-version":[{"id":132,"href":"https:\/\/www.bonnsol.com\/index.php?rest_route=\/wp\/v2\/pages\/35\/revisions\/132"}],"wp:attachment":[{"href":"https:\/\/www.bonnsol.com\/index.php?rest_route=%2Fwp%2Fv2%2Fmedia&parent=35"}],"curies":[{"name":"wp","href":"https:\/\/api.w.org\/{rel}","templated":true}]}}